the hundreds digit of 27822?
8
What is the units digit of 18710?
0
What is the hundreds digit of 1117?
1
What is the hundreds digit of 658?
6
What is the thousands digit of 27531?
7
What is the hundreds digit of 8484?
4
What is the hundreds digit of 4916?
9
What is the units digit of 8037?
7
What is the tens digit of 20860?
6
What is the tens digit of 363?
6
What is the units digit of 6919?
9
What is the tens digit of 1571?
7
What is the ten thousands digit of 14313?
1
What is the units digit of 31312?
2
What is the units digit of 472?
2
What is the thousands digit of 18251?
8
What is the units digit of 514?
4
What is the tens digit of 93880?
8
What is the units digit of 3626?
6
What is the thousands digit of 25653?
5
What is the thousands digit of 2192?
2
What is the thousands digit of 3541?
3
What is the hundreds digit of 3900?
9
What is the tens digit of 4337?
3
What is the units digit of 5587?
7
What is the hundreds digit of 290?
2
What is the ten thousands digit of 71883?
7
What is the tens digit of 1330?
3
What is the thousands digit of 23059?
3
What is the tens digit of 55620?
2
What is the hundreds digit of 3685?
6
What is the units digit of 1403?
3
What is the tens digit of 6682?
8
What is the tens digit of 1163?
6
What is the tens digit of 3704?
0
What is the thousands digit of 51008?
1
What is the units digit of 564?
4
What is the thousands digit of 14007?
4
What is the thousands digit of 90282?
0
What is the thousands digit of 2815?
2
What is the units digit of 19750?
0
What is the tens digit of 23658?
5
What is the tens digit of 82187?
8
What is the units digit of 6262?
2
What is the thousands digit of 1113?
1
What is the units digit of 4270?
0
What is the hundreds digit of 92456?
4
What is the units digit of 919?
9
What is the thousands digit of 52950?
2
What is the thousands digit of 44046?
4
What is the ten thousands digit of 43068?
4
What is the thousands digit of 3508?
3
What is the ten thousands digit of 29372?
2
What is the thousands digit of 6845?
6
What is the ten thousands digit of 21122?
2
What is the tens digit of 35225?
2
What is the units digit of 21147?
7
What is the units digit of 89426?
6
What is the units digit of 2329?
9
What is the tens digit of 74115?
1
What is the units digit of 775?
5
What is the hundreds digit of 44602?
6
What is the tens digit of 494?
9
What is the hundreds digit of 1093?
0
What is the thousands digit of 12426?
2
What is the tens digit of 1248?
4
What is the hundreds digit of 46943?
9
What is the units digit of 57589?
9
What is the units digit of 579?
9
What is the hundreds digit of 16422?
4
What is the units digit of 3907?
7
What is the hundreds digit of 7204?
2
What is the hundreds digit of 629?
6
What is the thousands digit of 1087?
1
What is the hundreds digit of 2958?
9
What is the units digit of 2863?
3
What is the hundreds digit of 36411?
4
What is the tens digit of 12752?
5
What is the units digit of 766?
6
What is the hundreds digit of 1197?
1
What is the hundred thousands digit of 181870?
1
What is the ten thousands digit of 15982?
1
What is the ten thousands digit of 25816?
2
What is the hundreds digit of 931?
9
What is the tens digit of 68795?
9
What is the units digit of 1489?
9
What is the tens digit of 2182?
8
What is the hundreds digit of 29071?
0
What is the hundreds digit of 3176?
1
What is the hundreds digit of 9356?
3
What is the hundreds digit of 483?
4
What is the hundreds digit of 1788?
7
What is the hundreds digit of 1498?
4
What is the tens digit of 5453?
5
What is the hundreds digit of 9666?
6
What is the hundreds digit of 56609?
6
What is the hundreds digit of 1912?
9
What is the tens digit of 63121?
2
What is the units digit of 126929?
9
What is the tens digit of 5700?
0
What is the hundreds digit of 13307?
3
What is the thousands digit of 40531?
0
What is the units digit of 432?
2
What is the hundreds digit of 561?
5
What is the hundreds digit of 2324?
3
What is the tens digit of 1235?
3
What is the units digit of 7276?
6
What is the units digit of 5678?
8
What is the units digit of 51?
1
What is the units digit of 21025?
5
What is the thousands digit of 12863?
2
What is the units digit of 271?
1
What is the hundreds digit of 5804?
8
What is the hundreds digit of 103?
1
What is the tens digit of 177?
7
What is the units digit of 1164?
4
What is the tens digit of 71443?
4
What is the units digit of 5711?
1
What is the hundreds digit of 5936?
9
What is the tens digit of 29599?
9
What is the hundreds digit of 8991?
9
What is the tens digit of 806?
0
What is the tens digit of 65591?
9
What is the tens digit of 18250?
5
What is the tens digit of 7712?
1
What is the tens digit of 57?
5
What is the thousands digit of 18073?
8
What is the ten thousands digit of 66899?
6
What is the tens digit of 726?
2
What is the hundreds digit of 1152?
1
What is the tens digit of 63082?
8
What is the tens digit of 741?
4
What is the tens digit of 2855?
5
What is the tens digit of 898?
9
What is the thousands digit of 29890?
9
What is the hundreds digit of 83769?
7
What is the hundreds digit of 985?
9
What is the tens digit of 6795?
9
What is the units digit of 2912?
2
What is the thousands digit of 5027?
5
What is the hundreds digit of 196?
1
What is the thousands digit of 1272?
1
What is the thousands digit of 2116?
2
What is the tens digit of 373?
7
What is the tens digit of 2610?
1
What is the units digit of 114619?
9
What is the units digit of 25098?
8
What is the units digit of 2244?
4
What is the hundreds digit of 11312?
3
What is the hundreds digit of 81937?
9
What is the units digit of 92166?
6
What is the thousands digit of 2899?
2
What is the thousands digit of 156629?
6
What is the tens digit of 150?
5
What is the units digit of 3728?
8
What is the units digit of 349?
9
What is the units digit of 10792?
2
What is the hundreds digit of 3835?
8
What is the thousands digit of 4565?
4
What is the units digit of 438?
8
What is the units digit of 9609?
9
What is the tens digit of 10907?
0
What is the units digit of 11516?
6
What is the units digit of 597?
7
What is the units digit of 589?
9
What is the tens digit of 946?
4
What is the thousands digit of 25640?
5
What is the ten thousands digit of 38270?
3
What is the tens digit of 8370?
7
What is the ten thousands digit of 131774?
3
What is the ten thousands digit of 79347?
7
What is the hundreds digit of 985?
9
What is the units digit of 34022?
2
What is the thousands digit of 1095?
1
What is the tens digit of 1506?
0
What is the ten thousands digit of 43738?
4
What is the tens digit of 148?
4
What is the tens digit of 700?
0
What is the tens digit of 52946?
4
What is the hundreds digit of 1404?
4
What is the tens digit of 2904?
0
What is the units digit of 5326?
6
What is the tens digit of 37827?
2
What is the hundreds digit of 19484?
4
What is the thousands digit of 132773?
2
What is the hundreds digit of 114487?
4
What is the thousands digit of 18039?
8
What is the thousands digit of 85096?
5
What is the tens digit of 175801?
0
What is the thousands digit of 1869?
1
What is the hundreds digit of 658?
6
What is the units digit of 8700?
0
What is the hundreds digit of 647?
6
What is the tens digit of 6195?
9
What is the ten thousands digit of 42728?
4
What is the hundreds digit of 74838?
8
What is the thousands digit of 24922?
4
What is the tens digit of 2091?
9
What is the tens digit of 812?
1
What is the tens digit of 533?
3
What is the thousands digit of 1689?
1
What is the units digit of 2416?
6
What is the tens digit of 2196?
9
What is the units digit of 7944?
4
What is the hundreds digit of 5380?
3
What is the hundreds digit of 224?
2
What is the tens digit of 3873?
7
What is the units digit of 77180?
0
What is the hundreds digit of 43289?
2
What is the thousands digit of 2448?
2
What is the tens digit of 52012?
1
What is the units digit of 4619?
9
What is the units digit of 37620?
0
What is the units digit of 3064?
4
What is the hundreds digit of 4486?
4
What is the tens digit of 670?
7
What is the hundreds digit of 18830?
8
What is the units digit of 8?
8
What is the hundreds digit of 26361?
3
What is the units digit of 1503?
3
What is the tens digit of 5267?
6
What is the tens digit of 6320?
2
What is the hundred